z = -4*u - u + 18. What is the remainder when t(2) is divided by u?
4
Suppose -6*z + 5*z - 9 = 0. Calculate the remainder when (-36)/z*18/4 is divided by 10.
8
Let d(f) = -3*f - 6. Let y be (-8)/12*2*3. What is the remainder when 15 is divided by d(y)?
3
Let k(t) = 5*t + 2. What is the remainder when 68/51*(-234)/(-4) is divided by k(5)?
24
Suppose -100 = -4*q + 8. What is the remainder when q is divided by 60*3/24*2?
12
Let y(d) = -d**2 - 10*d - 19. Let i be y(-7). Suppose -i*v = 10, 4*z + 0*z = v + 113. Let k = 37 + -22. What is the remainder when z is divided by k?
12
Suppose 7*v - 8*v - a + 18 = 0, -16 = -v + a. Calculate the remainder when 186 is divided by v.
16
Let d be 18*(0 - 2)*(-5)/30. Let z(g) = 7*g - 20. Let h = 3 - -3. What is the remainder when z(d) is divided by h?
4
Suppose x = -2*i + 10, i + 2*x - 13 + 2 = 0. Suppose 0 = -i*s + 38 + 16. What is the remainder when s is divided by 7?
4
Suppose -l + 5*l = 8. Calculate the remainder when l is divided by (-2)/(-3 + 3 + -2).
0
Let m = -196 + 203. Calculate the remainder when 23 is divided by m.
2
Suppose -1022 = -4*m - 222. What is the remainder when m is divided by 95?
10
Suppose 14*c = 19*c - 290. Calculate the remainder when 228 is divided by c.
54
What is the remainder when 778 is divided by (-154)/(-2) + (-9 - (-21 + 11))?
76
Let r(k) = k**3 + 8*k**2 - 22*k + 9. Calculate the remainder when r(-10) is divided by 27.
2
Let f(v) = 3*v**2 + 15*v + 13. What is the remainder when f(-7) is divided by 10?
5
Let v = 1048 - 983. Calculate the remainder when 157 is divided by v.
27
Let c be 165 - (4 + -1 - 1). Suppose -2*k + 49 = l, 3*l - c = -k - k. Let x = -11 + 26. Calculate the remainder when l is divided by x.
12
Suppose -2*t = 3*h - 6*t - 185, 0 = h + 3*t - 79. Calculate the remainder when 267 is divided by h.
66
Suppose 5*l = -3*g + 2*g + 571, 0 = -2*l + 3*g + 225. Calculate the remainder when 674 is divided by l.
104
Let u = 79 - -3. Calculate the remainder when u is divided by 6.
4
Suppose -i - 2 = -3*g + 71, 5*g - i - 119 = 0. Let j(c) = -6*c - c**2 - 3 - 11 + 2*c**2. What is the remainder when g is divided by j(9)?
10
Let k(o) = -o + 5. Let p(n) = -n + 6. Let a be p(6). Let s be k(a). Calculate the remainder when 41 is divided by (-3)/(-5) - (-52)/s.
8
Let m(l) = -34*l - 443. What is the remainder when m(-19) is divided by 70?
63
Let d(t) = -4*t**3 - 4*t**2 - 4*t + 10. What is the remainder when 318 is divided by d(-3)?
36
Let s(v) = -v**3 + 7*v**2 + 4*v - 8. What is the remainder when s(5) is divided by 21?
20
Let m = -36 + 73. Let a = m + 13. Suppose 6 + 332 = 26*s. What is the remainder when a is divided by s?
11
Suppose 5*c = 4*k + 393 - 134, -2*c - 3*k + 99 = 0. Suppose 0 = -5*u + 19 + 51. Calculate the remainder when c is divided by u.
9
Let o = -309 + 721. Suppose -3*m = -4*r - r - o, 0 = 3*m - 3*r - 408. Calculate the remainder when m is divided by 34.
32
Let f(b) = -b**2 - 13*b - 4. Let d be (9/1)/(-3 - -2). Calculate the remainder when 127 is divided by f(d).
31
Let l = 435 + -295. Suppose -610 = -5*x - 5*y + l, -2*x = -3*y - 295. What is the remainder when x is divided by 25?
24
Let l = 189 + -77. Suppose 0*d = 8*d - l. What is the remainder when 53 is divided by d?
11
Let x(k) = 9*k + 2. Let a(g) = -36*g - 9. Let s(c) = 4*a(c) + 15*x(c). Calculate the remainder when s(-3) is divided by 7.
0
Let p(v) = -27*v**3 + 6*v**2 + 4*v - 2. Calculate the remainder when (0 - 2)/((-4)/206) is divided by p(-1).
22
Let j = 106 + 226. What is the remainder when j is divided by 19?
9
Suppose -336 = -5*a + 239. Suppose -5*k + 13*g - 15*g - 378 = 0, 4*k + 2*g = -302. Let d = a + k. What is the remainder when d is divided by 14?
11
Let q(w) = w + 15. Let a be 15/(-10)*(0 - 2). Suppose 3 = -7*t + 4*t, -a*g + 4*t + 16 = 0. What is the remainder when q(-8) is divided by g?
3
Suppose 25 = 3*j + 2*l - 21, 4*j - 61 = -3*l. Calculate the remainder when 158 is divided by j.
14
Suppose 2*m = 5*w - 64, 35 = 4*w + 4*m - 33. What is the remainder when 291 is divided by w?
11
Let v = -153 - -164. Suppose -8*s = -6*s. Calculate the remainder when (18/15 - s)*15 is divided by v.
7
Let h = -531 + 551. Let v = 3 - 1. What is the remainder when h is divided by (-29)/(-5) - v/(-10)?
2
Let o(p) = p**2 - p. Suppose 0*l - 4*g = 2*l - 116, -3*g = -2*l + 116. What is the remainder when l is divided by o(-4)?
18
Suppose -45 = b - 111. Calculate the remainder when 261 is divided by b.
63
Let x(p) = 88*p - 353. Calculate the remainder when x(6) is divided by 4.
3
Let o(s) = s**2 - 23*s - 8. Let l = 4 + 39. Calculate the remainder when l is divided by o(24).
11
Suppose -119 = -v - 2*k - 2*k, -v + 5*k = -83. What is the remainder when v is divided by 53?
50
Suppose -2*w - 222 = -5*w. Let t(c) = -44*c**3 + 2*c**2 - c - 1. Let a be t(1). Let s = a + 63. Calculate the remainder when w is divided by s.
17
Let r(d) = -d**3 - 8*d**2 + 2*d - 22. Let s(k) = k**3 + 8*k**2 - 9*k - 9. Let q be s(-9). Calculate the remainder when r(q) is divided by 13.
2
Let w(m) = -25*m + 29. Let o = 27 - 19. Let r(s) = -8*s + 10. Let c(z) = o*r(z) - 3*w(z). Calculate the remainder when c(6) is divided by 20.
19
Suppose -16*f = 5*l - 17*f - 136, 3*l - 78 = -3*f. What is the remainder when 57 is divided by l?
3
Calculate the remainder when (12/(-21))/((-32)/3920) is divided by 11.
4
Let m(s) = 2*s**3 + 3*s**2 - 3*s + 1. Suppose -2*r - 4*u + 15 = -7*r, -2*r + 4*u = 18. What is the remainder when m(r) is divided by 3?
0
Let b(w) = 4*w**2 - 30*w - 14. Let m be b(8). Suppose 0 = -p - 4*r + 17, p - 14 + 1 = -m*r. What is the remainder when 89 is divided by p?
8
Suppose -3*i = -3*s - 87, -3*s - 124 = -4*i - 7*s. Suppose -4*j + 316 = -272. What is the remainder when j is divided by i?
27
Suppose -5712 = 9*g - 26*g. Calculate the remainder when g is divided by 90.
66
Let m be (-119)/(-13) - (-6)/(-39). Suppose -14*y = -11*y - m. Calculate the remainder when y is divided by 2.
1
Let o be (8/14)/(23/7 + -3). Suppose -a - w = a - 170, 0 = -o*a - 5*w + 186. Calculate the remainder when a is divided by 21.
20
Let z(u) = 2*u**2 - 46*u + 107. Calculate the remainder when z(21) is divided by 11.
1
Let k(t) = 4*t**2 - 15*t - 3. Calculate the remainder when k(7) is divided by 9.
7
Let b = 6 - -11. Suppose 6*m - 165 = m. What is the remainder when m is divided by b?
16
Let l = -152 + 197. Let o = 44 + -21. What is the remainder when l is divided by o?
22
Let b(q) be the first derivative of -q**4/4 - q**3/3 + q**2 - 3*q + 3. What is the remainder when 51 is divided by b(-3)?
6
Let i(c) = c**2 + c + 9. Let t be i(0). Let j = -15 + t. Calculate the remainder when (37/3)/((-2)/j) is divided by 20.
17
Suppose 0 = -3*g - g + 4744. Let m be g/(-9) + 4/(-18). Let q = m + 206. What is the remainder when q is divided by 25?
24
Suppose -5*f + 3*n + 520 = 0, 4*f - 10*n - 413 = -7*n. Calculate the remainder when f is divided by 31.
14
Let l = -358 - -405. What is the remainder when l is divided by 22?
3
Let f be (2*2/4)/((-6)/(-576)). Let u = 101 - f. Calculate the remainder when 28 is divided by u.
3
Let i(n) = -n + 5. Let l be i(3). Calculate the remainder when ((-3)/6)/(l/(-192)) is divided by 25.
23
Let x be 68 - ((-18)/(-10) - (-3)/15). Suppose -98 = -2*z - x. What is the remainder when 63 is divided by z?
15
Calculate the remainder when 94 is divided by (-1)/(56/(-16)) - (-332)/14.
22
Suppose -14*c + 114 = 5*c. Calculate the remainder when 44 is divided by c.
2
Suppose 5*q - 73 = -5*s + q, -s + 5*q = -32. What is the remainder when 100 is divided by s?
15
Suppose 7*v + 3*v = 110. What is the remainder when 78 is divided by v - (4 - (-1 + 3))?
6
Let a(l) = l + 6. Let v be a(-2). Let y = v + 16. Suppose -4*h + y = h. What is the remainder when 5 is divided by h?
1
Let j(q) = 9*q. Suppose -4*y = -y + 5*a + 34, 19 = -3*y - 2*a. Let f(d) = -16*d + 3. What is the remainder when f(y) is divided by j(2)?
15
Let q = 10 + -6. Suppose -4*o + q*b + 272 = 0, -o - 5*b - 88 = -2*o. What is the remainder when o is divided by 16?
15
Suppose -2197 = -8*m - 2005. What is the remainder when 155 is divided by m?
11
Let x(t) = -t**2 + 3*t + 6. Let r be x(4). Let k(m) = -12*m**2 + 4*m - 2. Let u be k(r). Let b = u - -67. What is the remainder when 96 is divided by b?
21
Suppose -2955 